
6
Calculate the highest common factor of 190 and 11.
1
What is the highest common factor of 1 and 2?
1
What is the highest common divisor of 3417 and 153?
51
What is the highest common divisor of 5 and 42685?
5
Calculate the greatest common factor of 101 and 2.
1
Calculate the highest common divisor of 4634 and 21.
7
What is the highest common factor of 3401 and 38?
19
Calculate the greatest common divisor of 740 and 80.
20
What is the greatest common factor of 1680 and 312?
24
Calculate the greatest common factor of 12 and 150.
6
What is the greatest common factor of 682 and 22?
22
Calculate the greatest common factor of 51 and 1.
1
Calculate the highest common divisor of 1 and 49.
1
Calculate the greatest common divisor of 72 and 36.
36
What is the highest common divisor of 114 and 57?
57
What is the greatest common factor of 210 and 3570?
210
Calculate the highest common divisor of 390 and 182.
26
Calculate the highest common divisor of 4462 and 690.
46
Calculate the greatest common factor of 99 and 72.
9
Calculate the highest common factor of 1071 and 17.
17
What is the highest common factor of 414 and 1081?
23
What is the greatest common factor of 20 and 2980?
20
Calculate the greatest common divisor of 106 and 47488.
106
Calculate the greatest common factor of 28 and 98.
14
What is the greatest common divisor of 13 and 5707?
13
What is the greatest common factor of 3 and 93?
3
What is the highest common factor of 976 and 48?
16
What is the highest common factor of 60 and 830?
10
Calculate the greatest common divisor of 45 and 405.
45
Calculate the greatest common divisor of 1383 and 3.
3
Calculate the highest common divisor of 455 and 294.
7
Calculate the highest common divisor of 841 and 29.
29
What is the greatest common divisor of 34 and 782?
34
What is the greatest common divisor of 248 and 32?
8
What is the highest common divisor of 51545 and 65?
65
What is the greatest common factor of 45770 and 230?
230
Calculate the greatest common factor of 417 and 3.
3
Calculate the greatest common factor of 24 and 150.
6
What is the greatest common factor of 550 and 11?
11
Calculate the greatest common divisor of 24725 and 23.
23
Calculate the greatest common factor of 688 and 215.
43
What is the greatest common divisor of 66690 and 30?
30
Calculate the greatest common divisor of 10 and 18.
2
Calculate the greatest common divisor of 468 and 195.
39
Calculate the highest common factor of 38 and 19.
19
What is the highest common factor of 5918 and 154?
22
Calculate the greatest common factor of 1132 and 4.
4
What is the greatest common factor of 140 and 70?
70
What is the highest common divisor of 436 and 1199?
109
What is the highest common divisor of 85 and 9860?
85
Calculate the highest common factor of 369 and 41.
41
What is the greatest common divisor of 41 and 2624?
41
What is the greatest common divisor of 1251 and 139?
139
Calculate the highest common divisor of 574 and 98.
14
Calculate the highest common factor of 154 and 658.
14
What is the greatest common divisor of 437 and 69?
23
What is the highest common divisor of 917 and 7?
7
Calculate the greatest common divisor of 160 and 10.
10
Calculate the greatest common divisor of 3841 and 1503.
167
What is the highest common factor of 63 and 7?
7
What is the greatest common factor of 28 and 924?
28
What is the highest common factor of 70 and 1442?
14
Calculate the greatest common divisor of 23 and 69.
23
What is the greatest common divisor of 1454 and 4?
2
What is the greatest common divisor of 99 and 341?
11
What is the highest common factor of 854 and 488?
122
What is the greatest common divisor of 1539 and 1197?
171
Calculate the greatest common factor of 26 and 494.
26
What is the greatest common factor of 3692 and 71?
71
Calculate the greatest common factor of 100 and 175.
25
Calculate the highest common divisor of 34 and 816.
34
What is the highest common factor of 3388 and 2002?
154
What is the highest common divisor of 18 and 72?
18
Calculate the highest common factor of 31 and 1333.
31
What is the greatest common divisor of 75 and 200?
25
What is the highest common divisor of 5967 and 5083?
221
What is the greatest common factor of 48 and 112?
16
Calculate the highest common factor of 12 and 2316.
12
What is the highest common divisor of 182 and 63?
7
What is the highest common divisor of 2552 and 928?
232
What is the greatest common divisor of 99 and 207?
9
Calculate the greatest common divisor of 115 and 184.
23
Calculate the highest common factor of 56 and 19236.
28
What is the highest common factor of 4 and 430?
2
Calculate the greatest common factor of 95 and 21375.
95
Calculate the highest common divisor of 189 and 315.
63
Calculate the highest common divisor of 325 and 125.
25
What is the highest common divisor of 135 and 555?
15
Calculate the highest common divisor of 7668 and 48.
12
Calculate the greatest common factor of 303 and 18887.
101
Calculate the highest common divisor of 60 and 4155.
15
Calculate the highest common divisor of 1271 and 41.
41
Calculate the highest common divisor of 375 and 20.
5
What is the greatest common divisor of 750 and 42?
6
What is the highest common factor of 169 and 4563?
169
Calculate the greatest common factor of 553 and 7.
7
Calculate the greatest common divisor of 252 and 35.
7
What is the greatest common factor of 360 and 3645?
45
Calculate the greatest common divisor of 33 and 2046.
33
What is the highest common divisor of 72 and 696?
24
What is the highest common divisor of 48 and 30?
6
What is the highest common divisor of 136 and 64?
8
Calculate the greatest common factor of 8 and 488.
8
Calculate the greatest common factor of 2 and 128.
2
Calculate the highest common factor of 1092 and 180.
12
Calculate the highest common divisor of 2691 and 351.
117
What is the highest common divisor of 16 and 90?
2
Calculate the greatest common factor of 775 and 31.
31
What is the highest common factor of 204 and 84?
12
Calculate the greatest common divisor of 1860 and 80.
20
What is the highest common factor of 5 and 103?
1
Calculate the highest common divisor of 98629 and 19.
19
Calculate the greatest common factor of 156 and 134.
2
Calculate the greatest common divisor of 72 and 252.
36
What is the highest common factor of 120 and 1896?
24
Calculate the highest common factor of 568 and 355.
71
What is the highest common factor of 3831 and 3?
3
What is the highest common divisor of 66 and 297?
33
Calculate the greatest common factor of 632 and 8.
8
Calculate the greatest common factor of 49224 and 14.
14
Calculate the greatest common divisor of 272 and 68.
68
What is the greatest common factor of 72 and 18?
18
What is the greatest common divisor of 246 and 861?
123
What is the greatest common factor of 21 and 357?
21
What is the highest common divisor of 1190 and 1156?
34
What is the highest common divisor of 6 and 582?
6
What is the greatest common divisor of 15 and 1605?
15
What is the greatest common divisor of 17 and 3?
1
Calculate the highest common factor of 94 and 2726.
94
Calculate the greatest common divisor of 6952 and 88.
88
Calculate the greatest common factor of 19221 and 129.
129
Calculate the greatest common divisor of 38 and 38.
38
What is the highest common factor of 3 and 843?
3
What is the highest common divisor of 494 and 130?
26
What is the highest common divisor of 198 and 774?
18
What is the highest common divisor of 276 and 28428?
276
Calculate the greatest common divisor of 12159 and 315.
63
What is the greatest common factor of 865 and 10?
5
Calculate the highest common factor of 192 and 6.
6
What is the highest common divisor of 2232 and 527?
31
What is the highest common factor of 1968 and 41?
41
What is the greatest common divisor of 2 and 94?
2
Calculate the highest common factor of 24 and 8984.
8
Calculate the greatest common divisor of 156 and 104.
52
Calculate the highest common divisor of 12 and 156.
12
What is the greatest common divisor of 2470 and 570?
190
What is the greatest common factor of 54 and 1998?
54
Calculate the greatest common divisor of 215 and 1720.
215
Calculate the greatest common divisor of 30179 and 103.
103
Calculate the greatest common factor of 9 and 171.
9
Calculate the greate